[INFO] cloning repository https://github.com/martynp/offline_crates
[INFO] running `Command { std: "git" "-c" "credential.helper=" "-c" "credential.helper=/workspace/cargo-home/bin/git-credential-null" "clone" "--bare" "https://github.com/martynp/offline_crates" "/workspace/cache/git-repos/https%3A%2F%2Fgithub.com%2Fmartynp%2Foffline_crates", kill_on_drop: false }`
[INFO] [stderr] Cloning into bare repository '/workspace/cache/git-repos/https%3A%2F%2Fgithub.com%2Fmartynp%2Foffline_crates'...
[INFO] running `Command { std: "git" "rev-parse" "HEAD", kill_on_drop: false }`
[INFO] [stdout] 5fcdc86539d61689ab1be45d59141e65e555119a
[INFO] checking martynp/offline_crates against try#72f88fc4e9458f89516a0b8b0868f3718aec5b47 for pr-74989
[INFO] running `Command { std: "git" "clone" "/workspace/cache/git-repos/https%3A%2F%2Fgithub.com%2Fmartynp%2Foffline_crates" "/workspace/builds/worker-4/source", kill_on_drop: false }`
[INFO] [stderr] Cloning into '/workspace/builds/worker-4/source'...
[INFO] [stderr] done.
[INFO] validating manifest of git repo https://github.com/martynp/offline_crates on toolchain 72f88fc4e9458f89516a0b8b0868f3718aec5b47
[INFO] running `Command { std: "/workspace/cargo-home/bin/cargo" "+72f88fc4e9458f89516a0b8b0868f3718aec5b47" "read-manifest" "--manifest-path" "Cargo.toml", kill_on_drop: false }`
[INFO] started tweaking git repo https://github.com/martynp/offline_crates
[INFO] removed path dependency repository from git repo https://github.com/martynp/offline_crates
[INFO] finished tweaking git repo https://github.com/martynp/offline_crates
[INFO] tweaked toml for git repo https://github.com/martynp/offline_crates written to /workspace/builds/worker-4/source/Cargo.toml
[INFO] crate git repo https://github.com/martynp/offline_crates already has a lockfile, it will not be regenerated
[INFO] running `Command { std: "/workspace/cargo-home/bin/cargo" "+72f88fc4e9458f89516a0b8b0868f3718aec5b47" "fetch" "--locked" "--manifest-path" "Cargo.toml", kill_on_drop: false }`
[INFO] [stderr] warning: dependency (repository) specified without providing a local path, Git repository, or version to use. This will be considered an error in future versions
[INFO] [stderr]     Updating crates.io index
[INFO] [stderr] error: the lock file /workspace/builds/worker-4/source/Cargo.lock needs to be updated but --locked was passed to prevent this
[INFO] [stderr] If you want to try to generate the lock file without accessing the network, use the --offline flag.
[INFO] the lockfile is outdated, regenerating it
[INFO] running `Command { std: "/workspace/cargo-home/bin/cargo" "+72f88fc4e9458f89516a0b8b0868f3718aec5b47" "generate-lockfile" "--manifest-path" "Cargo.toml" "-Zno-index-update", kill_on_drop: false }`
[INFO] [stderr]     Blocking waiting for file lock on package cache
[INFO] running `Command { std: "/workspace/cargo-home/bin/cargo" "+72f88fc4e9458f89516a0b8b0868f3718aec5b47" "fetch" "--locked" "--manifest-path" "Cargo.toml", kill_on_drop: false }`
[INFO] [stderr] warning: dependency (repository) specified without providing a local path, Git repository, or version to use. This will be considered an error in future versions
[INFO] [stderr]     Blocking waiting for file lock on package cache
[INFO] [stderr]  Downloading crates ...
[INFO] [stderr]   Downloaded git2 v0.10.2
[INFO] [stderr]   Downloaded libgit2-sys v0.9.2
[INFO] [stderr]   Downloaded repository v0.0.2
[INFO] running `Command { std: "docker" "create" "-v" "/var/lib/crater-agent-workspace/builds/worker-4/target:/opt/rustwide/target:rw,Z" "-v" "/var/lib/crater-agent-workspace/builds/worker-4/source:/opt/rustwide/workdir:ro,Z" "-v" "/var/lib/crater-agent-workspace/cargo-home:/opt/rustwide/cargo-home:ro,Z" "-v" "/var/lib/crater-agent-workspace/rustup-home:/opt/rustwide/rustup-home:ro,Z" "-e" "SOURCE_DIR=/opt/rustwide/workdir" "-e" "CARGO_TARGET_DIR=/opt/rustwide/target" "-e" "CARGO_HOME=/opt/rustwide/cargo-home" "-e" "RUSTUP_HOME=/opt/rustwide/rustup-home" "-w" "/opt/rustwide/workdir" "-m" "1610612736" "--user" "0:0" "--network" "none" "rustops/crates-build-env@sha256:d92eaeed33fa75130ca1ee6c8a01d1ffb62bac859dfdfb3450e3e5d1c0146529" "/opt/rustwide/cargo-home/bin/cargo" "+72f88fc4e9458f89516a0b8b0868f3718aec5b47" "metadata" "--no-deps" "--format-version=1", kill_on_drop: false }`
[INFO] [stdout] d2152c699d32c90515ad7dbca9a62793cf59611797b1803e0e3c41da1a9a7c39
[INFO] [stderr] WARNING: Your kernel does not support swap limit capabilities or the cgroup is not mounted. Memory limited without swap.
[INFO] running `Command { std: "docker" "start" "-a" "d2152c699d32c90515ad7dbca9a62793cf59611797b1803e0e3c41da1a9a7c39", kill_on_drop: false }`
[INFO] running `Command { std: "docker" "inspect" "d2152c699d32c90515ad7dbca9a62793cf59611797b1803e0e3c41da1a9a7c39", kill_on_drop: false }`
[INFO] running `Command { std: "docker" "rm" "-f" "d2152c699d32c90515ad7dbca9a62793cf59611797b1803e0e3c41da1a9a7c39", kill_on_drop: false }`
[INFO] [stdout] d2152c699d32c90515ad7dbca9a62793cf59611797b1803e0e3c41da1a9a7c39
[INFO] running `Command { std: "docker" "create" "-v" "/var/lib/crater-agent-workspace/builds/worker-4/target:/opt/rustwide/target:rw,Z" "-v" "/var/lib/crater-agent-workspace/builds/worker-4/source:/opt/rustwide/workdir:ro,Z" "-v" "/var/lib/crater-agent-workspace/cargo-home:/opt/rustwide/cargo-home:ro,Z" "-v" "/var/lib/crater-agent-workspace/rustup-home:/opt/rustwide/rustup-home:ro,Z" "-e" "SOURCE_DIR=/opt/rustwide/workdir" "-e" "CARGO_TARGET_DIR=/opt/rustwide/target" "-e" "CARGO_INCREMENTAL=0" "-e" "RUST_BACKTRACE=full" "-e" "RUSTFLAGS=--cap-lints=forbid" "-e" "CARGO_HOME=/opt/rustwide/cargo-home" "-e" "RUSTUP_HOME=/opt/rustwide/rustup-home" "-w" "/opt/rustwide/workdir" "-m" "1610612736" "--user" "0:0" "--network" "none" "rustops/crates-build-env@sha256:d92eaeed33fa75130ca1ee6c8a01d1ffb62bac859dfdfb3450e3e5d1c0146529" "/opt/rustwide/cargo-home/bin/cargo" "+72f88fc4e9458f89516a0b8b0868f3718aec5b47" "check" "--frozen" "--all" "--all-targets" "--message-format=json", kill_on_drop: false }`
[INFO] [stdout] 0bcff139af19910dff2ae2d2b0126f10e9b36ae8265151cedca5de51c65730a1
[INFO] [stderr] WARNING: Your kernel does not support swap limit capabilities or the cgroup is not mounted. Memory limited without swap.
[INFO] running `Command { std: "docker" "start" "-a" "0bcff139af19910dff2ae2d2b0126f10e9b36ae8265151cedca5de51c65730a1", kill_on_drop: false }`
[INFO] [stderr] warning: dependency (repository) specified without providing a local path, Git repository, or version to use. This will be considered an error in future versions
[INFO] [stderr]    Compiling syn v1.0.41
[INFO] [stderr]     Checking either v1.6.0
[INFO] [stderr]     Checking rand_core v0.4.2
[INFO] [stderr]     Checking ahash v0.4.5
[INFO] [stderr]    Compiling serde_derive v1.0.116
[INFO] [stderr]    Compiling serde v1.0.116
[INFO] [stderr]    Compiling openssl v0.10.30
[INFO] [stderr]    Compiling failure_derive v0.1.8
[INFO] [stderr]     Checking try-lock v0.2.3
[INFO] [stderr]     Checking regex-syntax v0.6.18
[INFO] [stderr]     Checking byte-tools v0.3.1
[INFO] [stderr]    Compiling encoding_rs v0.8.24
[INFO] [stderr]     Checking fake-simd v0.1.2
[INFO] [stderr]     Checking ansi_term v0.11.0
[INFO] [stderr]     Checking strsim v0.8.0
[INFO] [stderr]     Checking hex v0.4.2
[INFO] [stderr]     Checking progress_bar v0.1.3
[INFO] [stderr]    Compiling error-chain v0.12.4
[INFO] [stderr]    Compiling crossbeam-utils v0.7.2
[INFO] [stderr]    Compiling memoffset v0.5.5
[INFO] [stderr]    Compiling crossbeam-epoch v0.8.2
[INFO] [stderr]    Compiling miniz_oxide v0.4.2
[INFO] [stderr]    Compiling indexmap v1.6.0
[INFO] [stderr]     Checking try_from v0.3.2
[INFO] [stderr]     Checking block-padding v0.1.5
[INFO] [stderr]    Compiling libc v0.2.77
[INFO] [stderr]     Checking rand_core v0.3.1
[INFO] [stderr]     Checking rand_jitter v0.1.4
[INFO] [stderr]     Checking idna v0.1.5
[INFO] [stderr]     Checking idna v0.2.0
[INFO] [stderr]     Checking log v0.4.11
[INFO] [stderr]     Checking hashbrown v0.9.0
[INFO] [stderr]     Checking iovec v0.1.4
[INFO] [stderr]     Checking net2 v0.2.35
[INFO] [stderr]     Checking rand_os v0.1.3
[INFO] [stderr]    Compiling hyper v0.12.35
[INFO] [stderr]     Checking rand_pcg v0.1.2
[INFO] [stderr]     Checking generic-array v0.12.3
[INFO] [stderr]     Checking rand_isaac v0.1.1
[INFO] [stderr]     Checking rand_hc v0.1.0
[INFO] [stderr]     Checking rand_chacha v0.1.1
[INFO] [stderr]     Checking rand_xorshift v0.1.1
[INFO] [stderr]     Checking futures-cpupool v0.1.8
[INFO] [stderr]     Checking clap v2.33.3
[INFO] [stderr]     Checking want v0.2.0
[INFO] [stderr]     Checking bytes v0.4.12
[INFO] [stderr]     Checking mio v0.6.22
[INFO] [stderr]     Checking parking_lot_core v0.6.2
[INFO] [stderr]     Checking rand v0.6.5
[INFO] [stderr]     Checking digest v0.8.1
[INFO] [stderr]     Checking block-buffer v0.7.3
[INFO] [stderr]     Checking url v2.1.1
[INFO] [stderr]     Checking url v1.7.2
[INFO] [stderr]     Checking sha2 v0.8.2
[INFO] [stderr]    Compiling jobserver v0.1.21
[INFO] [stderr]     Checking backtrace v0.3.50
[INFO] [stderr]     Checking flate2 v1.0.17
[INFO] [stderr]     Checking parking_lot v0.9.0
[INFO] [stderr]     Checking tokio-executor v0.1.10
[INFO] [stderr]     Checking crossbeam-queue v0.2.3
[INFO] [stderr]     Checking tokio-io v0.1.13
[INFO] [stderr]     Checking http v0.1.21
[INFO] [stderr]     Checking string v0.2.1
[INFO] [stderr]     Checking tokio-buf v0.1.1
[INFO] [stderr]     Checking regex v1.3.9
[INFO] [stderr]    Compiling cc v1.0.59
[INFO] [stderr]     Checking tokio-current-thread v0.1.7
[INFO] [stderr]     Checking tokio-timer v0.2.13
[INFO] [stderr]     Checking crossbeam-deque v0.7.3
[INFO] [stderr]     Checking cookie v0.12.0
[INFO] [stderr]     Checking tokio-threadpool v0.1.18
[INFO] [stderr]     Checking tokio-reactor v0.1.12
[INFO] [stderr]     Checking uuid v0.7.4
[INFO] [stderr]     Checking tokio-tcp v0.1.4
[INFO] [stderr]     Checking publicsuffix v1.5.4
[INFO] [stderr]     Checking tokio v0.1.22
[INFO] [stderr]    Compiling openssl-sys v0.9.58
[INFO] [stderr]    Compiling libz-sys v1.1.2
[INFO] [stderr]    Compiling libssh2-sys v0.2.19
[INFO] [stderr]    Compiling libgit2-sys v0.9.2
[INFO] [stderr]     Checking http-body v0.1.0
[INFO] [stderr]     Checking h2 v0.1.26
[INFO] [stderr]    Compiling synstructure v0.12.4
[INFO] [stderr]    Compiling native-tls v0.2.4
[INFO] [stderr]    Compiling thiserror-impl v1.0.20
[INFO] [stderr]     Checking failure v0.1.8
[INFO] [stderr]     Checking thiserror v1.0.20
[INFO] [stderr]     Checking repository v0.0.2
[INFO] [stderr]     Checking git2 v0.10.2
[INFO] [stderr]     Checking hyper-tls v0.3.2
[INFO] [stderr]     Checking serde_json v1.0.57
[INFO] [stderr]     Checking serde_urlencoded v0.5.5
[INFO] [stderr]     Checking cookie_store v0.7.0
[INFO] [stderr]     Checking reqwest v0.9.24
[INFO] [stderr]     Checking offline_crates v0.1.0 (/opt/rustwide/workdir)
[INFO] [stdout] error[E0425]: cannot find function `walk_repo` in crate `repository`
[INFO] [stdout]    --> src/main.rs:129:17
[INFO] [stdout]     |
[INFO] [stdout] 129 |     repository::walk_repo(&repo_dir, &git_path, &mut files).unwrap();
[INFO] [stdout]     |                 ^^^^^^^^^ not found in `repository`
[INFO] [stdout] 
[INFO] [stdout] 
[INFO] [stdout] error[E0412]: cannot find type `Create` in this scope
[INFO] [stdout]    --> src/main.rs:132:26
[INFO] [stdout]     |
[INFO] [stdout] 132 |     let mut creates: Vec<Create> = Vec::new();
[INFO] [stdout]     |                          ^^^^^^ not found in this scope
[INFO] [stdout] 
[INFO] [stdout] 
[INFO] [stdout] error[E0425]: cannot find function `get_create_info` in crate `repository`
[INFO] [stdout]    --> src/main.rs:133:17
[INFO] [stdout]     |
[INFO] [stdout] 133 |     repository::get_create_info(&mut files, &mut creates, git_path, &mut store_path).unwrap();
[INFO] [stdout]     |                 ^^^^^^^^^^^^^^^ not found in `repository`
[INFO] [stdout] 
[INFO] [stdout] 
[INFO] [stdout] error[E0412]: cannot find type `Create` in this scope
[INFO] [stdout]    --> src/main.rs:136:32
[INFO] [stdout]     |
[INFO] [stdout] 136 |     let mut missing_files: Vec<Create> = repository::verify_store(&mut creates, 10).unwrap();
[INFO] [stdout]     |                                ^^^^^^ not found in this scope
[INFO] [stdout] 
[INFO] [stdout] 
[INFO] [stdout] error[E0425]: cannot find function `verify_store` in crate `repository`
[INFO] [stdout]    --> src/main.rs:136:54
[INFO] [stdout]     |
[INFO] [stdout] 136 |     let mut missing_files: Vec<Create> = repository::verify_store(&mut creates, 10).unwrap();
[INFO] [stdout]     |                                                      ^^^^^^^^^^^^ not found in `repository`
[INFO] [stdout] 
[INFO] [stdout] 
[INFO] [stdout] error[E0425]: cannot find function `download_creates` in crate `repository`
[INFO] [stdout]    --> src/main.rs:150:17
[INFO] [stdout]     |
[INFO] [stdout] 150 |     repository::download_creates(&mut missing_files, 20).unwrap();
[INFO] [stdout]     |                 ^^^^^^^^^^^^^^^^ not found in `repository`
[INFO] [stdout] 
[INFO] [stdout] 
[INFO] [stdout] warning: unused import: `repository::*`
[INFO] [stdout]   --> src/main.rs:10:5
[INFO] [stdout]    |
[INFO] [stdout] 10 | use repository::*;
[INFO] [stdout]    |     ^^^^^^^^^^^^^
[INFO] [stdout]    |
[INFO] [stdout]    = note: `#[warn(unused_imports)]` on by default
[INFO] [stdout] 
[INFO] [stdout] 
[INFO] [stdout] error[E0425]: cannot find function `walk_repo` in crate `repository`
[INFO] [stdout]    --> src/main.rs:129:17
[INFO] [stdout]     |
[INFO] [stdout] 129 |     repository::walk_repo(&repo_dir, &git_path, &mut files).unwrap();
[INFO] [stdout]     |                 ^^^^^^^^^ not found in `repository`
[INFO] [stdout] 
[INFO] [stdout] 
[INFO] [stdout] error[E0412]: cannot find type `Create` in this scope
[INFO] [stdout]    --> src/main.rs:132:26
[INFO] [stdout]     |
[INFO] [stdout] 132 |     let mut creates: Vec<Create> = Vec::new();
[INFO] [stdout]     |                          ^^^^^^ not found in this scope
[INFO] [stdout] 
[INFO] [stdout] 
[INFO] [stdout] error[E0425]: cannot find function `get_create_info` in crate `repository`
[INFO] [stdout]    --> src/main.rs:133:17
[INFO] [stdout]     |
[INFO] [stdout] 133 |     repository::get_create_info(&mut files, &mut creates, git_path, &mut store_path).unwrap();
[INFO] [stdout]     |                 ^^^^^^^^^^^^^^^ not found in `repository`
[INFO] [stdout] 
[INFO] [stdout] 
[INFO] [stdout] error[E0412]: cannot find type `Create` in this scope
[INFO] [stdout]    --> src/main.rs:136:32
[INFO] [stdout]     |
[INFO] [stdout] 136 |     let mut missing_files: Vec<Create> = repository::verify_store(&mut creates, 10).unwrap();
[INFO] [stdout]     |                                ^^^^^^ not found in this scope
[INFO] [stdout] 
[INFO] [stdout] 
[INFO] [stdout] error[E0425]: cannot find function `verify_store` in crate `repository`
[INFO] [stdout]    --> src/main.rs:136:54
[INFO] [stdout]     |
[INFO] [stdout] 136 |     let mut missing_files: Vec<Create> = repository::verify_store(&mut creates, 10).unwrap();
[INFO] [stdout]     |                                                      ^^^^^^^^^^^^ not found in `repository`
[INFO] [stdout] 
[INFO] [stdout] 
[INFO] [stdout] error[E0425]: cannot find function `download_creates` in crate `repository`
[INFO] [stdout]    --> src/main.rs:150:17
[INFO] [stdout]     |
[INFO] [stdout] 150 |     repository::download_creates(&mut missing_files, 20).unwrap();
[INFO] [stdout]     |                 ^^^^^^^^^^^^^^^^ not found in `repository`
[INFO] [stdout] 
[INFO] [stdout] 
[INFO] [stdout] warning: unused import: `repository::*`
[INFO] [stdout]   --> src/main.rs:10:5
[INFO] [stdout]    |
[INFO] [stdout] 10 | use repository::*;
[INFO] [stdout]    |     ^^^^^^^^^^^^^
[INFO] [stdout]    |
[INFO] [stdout]    = note: `#[warn(unused_imports)]` on by default
[INFO] [stdout] 
[INFO] [stdout] 
[INFO] [stderr] error: could not compile `offline_crates`.
[INFO] [stdout] error: aborting due to 6 previous errors; 1 warning emitted
[INFO] [stdout] 
[INFO] [stdout] 
[INFO] [stderr] 
[INFO] [stdout] Some errors have detailed explanations: E0412, E0425.
[INFO] [stdout] 
[INFO] [stderr] To learn more, run the command again with --verbose.
[INFO] [stdout] For more information about an error, try `rustc --explain E0412`.
[INFO] [stdout] 
[INFO] [stderr] warning: build failed, waiting for other jobs to finish...
[INFO] [stdout] error: aborting due to 6 previous errors; 1 warning emitted
[INFO] [stdout] 
[INFO] [stdout] 
[INFO] [stdout] Some errors have detailed explanations: E0412, E0425.
[INFO] [stdout] 
[INFO] [stdout] For more information about an error, try `rustc --explain E0412`.
[INFO] [stdout] 
[INFO] [stderr] error: build failed
[INFO] running `Command { std: "docker" "inspect" "0bcff139af19910dff2ae2d2b0126f10e9b36ae8265151cedca5de51c65730a1", kill_on_drop: false }`
[INFO] running `Command { std: "docker" "rm" "-f" "0bcff139af19910dff2ae2d2b0126f10e9b36ae8265151cedca5de51c65730a1", kill_on_drop: false }`
[INFO] [stdout] 0bcff139af19910dff2ae2d2b0126f10e9b36ae8265151cedca5de51c65730a1
